{"id":199,"date":"2016-12-14T04:00:01","date_gmt":"2016-12-14T04:00:01","guid":{"rendered":"http:\/\/campeonatointegracion.cl\/web\/?page_id=199"},"modified":"2025-04-22T23:56:01","modified_gmt":"2025-04-23T03:56:01","slug":"ceremonia-de-clausura-y-festival-sub-07","status":"publish","type":"page","link":"https:\/\/campeonatointegracion.cl\/web\/torneo-2019\/ceremonia-de-clausura-y-festival-sub-07\/","title":{"rendered":"Cuaderno de Cargos Postulaciones de Equipos al Torneo 2025"},"content":{"rendered":"<p>En esta secci\u00f3n encontraras el cuaderno de cargos, que es requisito fundamental para seguir con proceso de postulaci\u00f3n al torneo del presente a\u00f1o 2024 tanto para las Escuelas Nuevas como las antiguas participantes, debes llenarlo y contactarte con nosotros al email<\/p>\n<p>debes enviar tu cuaderno de cargo al email campeonatointegracion@gmail.com (deben presentar la carta de postulaci\u00f3n al correo dado hasta el 03 de Marzo 2025.<\/p>\n<p><strong>Cuaderno de Cargo Versi\u00f3n Word<\/strong><\/p>\n<p><a href=\"http:\/\/campeonatointegracion.cl\/web\/wp-content\/uploads\/2025\/04\/Carta-de-Postulacion-Campeonato-Integracion-Ano-2025.docx\">Carta de Postulacion Campeonato Integracion A\u00f1o 2025<\/a><\/p>\n<p><strong>Cuaderno de Cargo Versi\u00f3n PDF<\/strong><\/p>\n<p><a href=\"http:\/\/campeonatointegracion.cl\/web\/wp-content\/uploads\/2025\/04\/Carta-de-Postulacion-Campeonato-Integracion-Ano-2025.pdf\">Carta de Postulacion Campeonato Integracion A\u00f1o 2025<\/a><\/p>\n","protected":false},"excerpt":{"rendered":"<p>En esta secci\u00f3n encontraras el cuaderno de cargos, que es requisito fundamental para seguir con proceso de postulaci\u00f3n al torneo del presente a\u00f1o 2024 tanto para las Escuelas Nuevas como las antiguas participantes, debes llenarlo y contactarte con nosotros al email debes enviar tu cuaderno de cargo al email campeonatointegracion@gmail.com (deben presentar la carta de [&hellip;]<\/p>\n","protected":false},"author":2,"featured_media":0,"parent":18,"menu_order":0,"comment_status":"closed","ping_status":"closed","template":"","meta":{"footnotes":""},"_links":{"self":[{"href":"https:\/\/campeonatointegracion.cl\/web\/wp-json\/wp\/v2\/pages\/199"}],"collection":[{"href":"https:\/\/campeonatointegracion.cl\/web\/wp-json\/wp\/v2\/pages"}],"about":[{"href":"https:\/\/campeonatointegracion.cl\/web\/wp-json\/wp\/v2\/types\/page"}],"author":[{"embeddable":true,"href":"https:\/\/campeonatointegracion.cl\/web\/wp-json\/wp\/v2\/users\/2"}],"replies":[{"embeddable":true,"href":"https:\/\/campeonatointegracion.cl\/web\/wp-json\/wp\/v2\/comments?post=199"}],"version-history":[{"count":23,"href":"https:\/\/campeonatointegracion.cl\/web\/wp-json\/wp\/v2\/pages\/199\/revisions"}],"predecessor-version":[{"id":1925,"href":"https:\/\/campeonatointegracion.cl\/web\/wp-json\/wp\/v2\/pages\/199\/revisions\/1925"}],"up":[{"embeddable":true,"href":"https:\/\/campeonatointegracion.cl\/web\/wp-json\/wp\/v2\/pages\/18"}],"wp:attachment":[{"href":"https:\/\/campeonatointegracion.cl\/web\/wp-json\/wp\/v2\/media?parent=199"}],"curies":[{"name":"wp","href":"https:\/\/api.w.org\/{rel}","templated":true}]}}

<p>En esta sección encontraras el cuaderno de cargos, que es requisito fundamental para seguir con proceso de postulación al torneo del presente año 2024 tanto para las Escuelas Nuevas como las antiguas participantes, debes llenarlo y contactarte con nosotros al email</p>
<p>debes enviar tu cuaderno de cargo al email campeonatointegracion@gmail.com (deben presentar la carta de postulación al correo dado hasta el 03 de Marzo 2025.</p>
<p><strong>Cuaderno de Cargo Versión Word</strong></p>
<p><a href="http://campeonatointegracion.cl/web/wp-content/uploads/2025/04/Carta-de-Postulacion-Campeonato-Integracion-Ano-2025.docx">Carta de Postulacion Campeonato Integracion Año 2025</a></p>
<p><strong>Cuaderno de Cargo Versión PDF</strong></p>
<p><a href="http://campeonatointegracion.cl/web/wp-content/uploads/2025/04/Carta-de-Postulacion-Campeonato-Integracion-Ano-2025.pdf">Carta de Postulacion Campeonato Integracion Año 2025</a></p>

<p>En esta sección encontraras el cuaderno de cargos, que es requisito fundamental para seguir con proceso de postulación al torneo del presente año 2024 tanto para las Escuelas Nuevas como las antiguas participantes, debes llenarlo y contactarte con nosotros al email debes enviar tu cuaderno de cargo al email campeonatointegracion@gmail.com (deben presentar la carta de [&hellip;]</p>
